 What are the prime factors of m(24)?
3, 43
Let g = -209 + 337. What are the prime factors of g?
2
Suppose 8*y - 14 = 18. Suppose y*d - 7*d + 162 = 0. List the prime factors of d.
2, 3
Let b be (-9)/2 - 1/(-2). Let a(f) = f - 2. Let u be a(b). List the prime factors of ((-2)/u)/((-2)/(-66)).
11
Let i(x) = 5*x + 5. Let v be i(6). Suppose 415 = -25*u + 30*u. Let y = u - v. What are the prime factors of y?
2, 3
Let j = -5 + 17. Let i(o) = 4 + 20*o - 34*o + o**3 + 29*o - 13*o**2. List the prime factors of i(j).
2, 5
Suppose -2*v = -351 - 2363. What are the prime factors of v?
23, 59
What are the prime factors of 3535 + (7 - 10 - -11)?
3, 1181
Let x = 2 + -4. Let z be 8/2*x/(-2). Suppose -n + z = 2. What are the prime factors of n?
2
Suppose 11171 - 323 = 12*w. What are the prime factors of w?
2, 113
List the prime factors of 4*(-3)/9 + (-444330)/(-135).
2, 5, 7, 47
What are the prime factors of 11132/26 - 10/65?
2, 107
Let k = 2619 - 1423. List the prime factors of k.
2, 13, 23
Let s(w) be the first derivative of w**3/3 + 2*w**2 + w - 5. Let i be s(-3). List the prime factors of (i/6)/(2/(-60)).
2, 5
Let v be (-1*1)/((-3)/6). Let f(p) = 0*p + 2*p - v*p - p. List the prime factors of f(-8).
2
Suppose 5*c + 940 = -5*s, -3*c + 288 = -2*s - 78. Let o = 245 + -273. What are the prime factors of s/4*o/21?
2, 31
Let t = -4 - -12. Let z = -8 + t. Suppose -g + z*g = -3*a + 100, 4*g = 4*a - 144. What are the prime factors of a?
2
Let s(w) = 5*w - 1. Suppose -3*b - 21 - 3 = 0. Let y(f) = f**3 + 8*f**2 - 2*f - 13. Let p be y(b). List the prime factors of s(p).
2, 7
Suppose 6*t = 4*t + 20. Let l(z) = t*z + 12*z + 3 - 20*z. What are the prime factors of l(3)?
3
List the prime factors of (-4)/14 - (38400/(-42) + -6).
2, 5, 23
Let d(n) = -1 - 4 - 10*n - 1 + 9. List the prime factors of d(-14).
11, 13
Let h be 4/22 - 1040/(-88). List the prime factors of ((-57)/6)/((-1)/h).
2, 3, 19
Let q = 30 - 26. Suppose -2*j = -q*j + 4. Suppose -j*d + 5*d = 99. What are the prime factors of d?
3, 11
Suppose 31*r + 4*r = 107660. List the prime factors of r.
2, 769
What are the prime factors of 3/((-2)/(-12) - (-8595)/(-53190))?
3, 197
Let a = -104 - -40. Let v = a - -119. List the prime factors of v.
5, 11
Let x = 9 + -7. Suppose -5*o + x*j = -596, -6*o + 581 = -o + 3*j. Let z = -73 + o. What are the prime factors of z?
3, 5
Let f(c) = c**2 - 2*c + 3. Let g be f(-3). Suppose 2*z - 200 = g. What are the prime factors of z?
109
Let b be 21/(-2)*20/3. Let p = b + 100. List the prime factors of p.
2, 3, 5
Let z = 59 + -58. List the prime factors of 12*z + 5/(-25)*0.
2, 3
List the prime factors of (-1)/(3*(-6)/10926).
607
Suppose 0 = 3*k - 4*d - 7 - 2, 3*d - 44 = -5*k. Suppose k + 5 = 2*l. Suppose 4*u - 2*u = l. List the prime factors of u.
3
Let g(f) = -f + 12. Let v be g(8). Let s(q) = 2*q**2 + 37 + 2*q**2 + q**2 - v*q**2. What are the prime factors of s(0)?
37
What are the prime factors of (33/6)/(7/322)?
11, 23
Suppose 10 = 2*x - 0*x. Let o be (-1)/(55/(-132) - 1/(-6)). Let n = x + o. List the prime factors of n.
3
Let s(g) = 142*g**2 + 13*g - 36. What are the prime factors of s(3)?
3, 7, 61
Let j(y) = -y + 1. Let m be j(-6). Let c = 6 - m. Let w = 7 + c. List the prime factors of w.
2, 3
Suppose 0 = 4*b - 333 - 107. Suppose 3*p - 3*m + 4*m = b, -m = 5*p - 182. Let q = p - 18. List the prime factors of q.
2, 3
Let l be 420/7*3*-1. Let k(u) = u**3 + 16*u**2 - 12*u - 22. Let v be k(-17). Let h = v - l. What are the prime factors of h?
73
Let a(k) = k**3 + 8*k**2 + k + 1. Suppose 9 = -4*d - 15. Let y be a(d). Let j = y - 38. List the prime factors of j.
29
Suppose -87*d + 16800 = -52*d. List the prime factors of d.
2, 3, 5
Let v be 2*(3/(-6) + 3). Suppose -3*t + 9 = v*b - 26, 4*b = -t + 21. Suppose -8*u + 104 = -b*u. What are the prime factors of u?
2, 13
Let g(n) = 2*n**2 + 4. Let s be g(6). Suppose 0 = -0*b + 4*b - 4*f + s, 0 = b + 3*f + 23. Let a = b + 36. List the prime factors of a.
2
Suppose 6*p + p - 2317 = 0. What are the prime factors of p?
331
Let m(u) = -2*u + 5. Let v be m(1). Suppose -v*n - 524 = -6*n + a, -a + 884 = 5*n. List the prime factors of n.
2, 11
Suppose 2628 = 5*y + 4*y. What are the prime factors of y?
2, 73
Let l(c) = 12*c - 2. Let a be l(3). Let x = 6 + a. What are the prime factors of x?
2, 5
Let y(b) = 10*b. Let c be y(4). Suppose -21*j + 42 = -19*j + d, 4*d + 62 = 2*j. Let o = c - j. What are the prime factors of o?
17
Let p be 260/(-30)*(-6)/(-2). Let y be (-574)/(-182) - (-4)/p. Suppose 4*b - 28 = -y*b. List the prime factors of b.
2
Let w(m) = 16*m**2 - 13*m + 23. Let c be w(7). Suppose 0 = -2*k - k + b + c, -4*b - 20 = 0. List the prime factors of k.
3, 79
Suppose 0 = -3*j - 5*k + 17, 5*j - 3*k - 16 = k. Let l(m) = 16*m. Let w be l(4). Suppose j = -2*y + w. List the prime factors of y.
2, 3, 5
Let b = 147 - 103. What are the prime factors of 110/b*((-948)/(-10))/3?
79
Let y = 1375 + 322. List the prime factors of y.
1697
Let n(z) = 165 - 175 - 8*z**2 + 6*z + 9*z**2. Suppose p - 36 = 5*p. What are the prime factors of n(p)?
17
Let n = 2444 + -1269. What are the prime factors of n?
5, 47
Suppose -18*z + 14*z + 2052 = 0. List the prime factors of z.
3, 19
Let n(a) = 14*a**2 + 4*a + 4. Let l = 32 + -34. What are the prime factors of n(l)?
2, 13
Suppose 7*k = 3*r + 5*k - 1966, -646 = -r + 3*k. List the prime factors of r.
2, 7, 47
Let f(u) = 4*u - 16. Let s be f(9). Let z be (-10)/s*43*-2. Let k = z - 21. List the prime factors of k.
2, 11
Let m = 1008 + -201. What are the prime factors of m?
3, 269
Let f = 635 + 759. What are the prime factors of f?
2, 17, 41
Let y(v) = 12*v**2 + 4*v + 6. Let q(f) = -f**2 + 5*f - 2. Let l be q(5). List the prime factors of y(l).
2, 23
Let d(p) = 0 - 46*p - 4 + 4. List the prime factors of d(-2).
2, 23
Suppose 4*f - 4*z - 6 = 14, -2*f = 5*z - 24. Suppose -8*h + f*h + 4 = 0. Suppose 2*s = 4*u - 86, -h*u = -4*s + s - 85. What are the prime factors of u?
2, 11
Suppose -15*u - 104 = -19*u. Let l = 72 - u. What are the prime factors of l?
2, 23
Let n be (8 - 7)/((-2)/(-508)) + 2. Let r = n + -115. List the prime factors of r.
3, 47
Suppose -5*u + 1054 = -3*o, 3*u - 2*o = 7*u - 852. Suppose a + 3*a = u. List the prime factors of a.
53
Let v(w) = -21*w + 11. Let b be v(7). Let z = b - -248. List the prime factors of z.
2, 7
Suppose -b - 36 = b. Suppose -3*c + 0*y = 5*y + 9, 5*c = -5*y - 15. Let l = c - b. What are the prime factors of l?
3, 5
What are the prime factors of 2*5/(-40) + 1657/4?
2, 3, 23
Suppose 113*o - 151*o + 74670 = 0. What are the prime factors of o?
3, 5, 131
Suppose 2*a - 3*a = 11. Let w = -8 - a. Suppose -2*p - w*b + 0*b = 11, 5*p = -b + 5. What are the prime factors of p?
2
Let m = -867 + 1443. What are the prime factors of m?
2, 3
What are the prime factors of 2635 + -5 + 10 + 1?
19, 139
What are the prime factors of 9237/4*(-12)/(-9)?
3079
Suppose -m - 20 = -0*m. List the prime factors of (m/4)/(1/(-11)).
5, 11
Let j(f) = -f**2 - 19*f - 23. Suppose -5*t = -4*w + 42 + 43, -3*w = -4*t - 67. What are the prime factors of j(t)?
5, 11
Let x be ((-12)/9)/((-4)/(-6)). Let z be 45 - 0*4/12. Let h = z + x. What are the prime factors of h?
43
Let p(k) = k + 1. Let w be p(3). Let y(c) = -10 + c**3 - 2*c**3 + w*c + 19*c**2 - 12*c**2. What are the prime factors of y(6)?
2, 5
Let l = 2425 - 907. What are the prime factors of l?
2, 3, 11, 23
Let c(r) = r + 70. Let h be c(0). Suppose -6*f = -f - h. What are the prime factors of f?
2, 7
Let q = 68 - -3. What are the prime factors of q?
71
Let i(a) = 172*a**2 + 38*a - 118. List the prime factors of i(3).
2, 193
List the prime factors of -4 + 18/(-3)*173/(-2).
5, 103
Suppose 8*n = 11*n - 6. Suppose -r - 24 = 5*b - 738, n*r = -2. What are the prime factors of b?
11, 13
Let a(j) = 7*j + 8. Let l be a(7). List the prime factors of l + (-4 - 24/(-3)).
61
List the prime factors of 184/2*1275/204.
5, 23
Suppose -4*o + n = -308, -2*n + 16 = 3*o - 215. Let r = 167 - o. Suppose 4*t + 16 = 0, t = -3*j + r + 35. What are the prime factors of j?
43
List the prime factors of (0 - -2)/((-2)/(-485)).
5, 97
Suppose 0 = 14*q - 1898 - 5844. What are the prime factors of q?
7, 79
Suppose -c + 2*m = 26, 2 = -2*m + 12. Let j be (c/(-6) + -3)*-15. Let z(r) = 11*r - 12. What are the prime f